{"id":385,"date":"2024-02-13T14:55:08","date_gmt":"2024-02-13T14:55:08","guid":{"rendered":"https:\/\/jelove-confiseries.com\/?page_id=385"},"modified":"2024-02-13T14:57:13","modified_gmt":"2024-02-13T14:57:13","slug":"politique-de-confidentialite","status":"publish","type":"page","link":"https:\/\/jelove-confiseries.com\/index.php\/politique-de-confidentialite\/","title":{"rendered":"Politique de confidentialit\u00e9"},"content":{"rendered":"\t\t<div data-elementor-type=\"wp-page\" data-elementor-id=\"385\" class=\"elementor elementor-385\" data-elementor-post-type=\"page\">\n\t\t\t\t\t\t\t<div class=\"elementor-element elementor-element-0ee5c85 e-flex e-con-boxed e-con e-parent\" data-id=\"0ee5c85\" data-element_type=\"container\" data-settings=\"{&quot;content_width&quot;:&quot;boxed&quot;}\" data-core-v316-plus=\"true\">\n\t\t\t\t\t<div class=\"e-con-inner\">\n\t\t\t\t<div class=\"elementor-element elementor-element-1e791ac elementor-widget elementor-widget-text-editor\" data-id=\"1e791ac\" data-element_type=\"widget\" data-widget_type=\"text-editor.default\">\n\t\t\t\t<div class=\"elementor-widget-container\">\n\t\t\t<style>\/*! elementor - v3.18.0 - 20-12-2023 *\/\n.elementor-widget-text-editor.elementor-drop-cap-view-stacked .elementor-drop-cap{background-color:#69727d;color:#fff}.elementor-widget-text-editor.elementor-drop-cap-view-framed .elementor-drop-cap{color:#69727d;border:3px solid;background-color:transparent}.elementor-widget-text-editor:not(.elementor-drop-cap-view-default) .elementor-drop-cap{margin-top:8px}.elementor-widget-text-editor:not(.elementor-drop-cap-view-default) .elementor-drop-cap-letter{width:1em;height:1em}.elementor-widget-text-editor .elementor-drop-cap{float:left;text-align:center;line-height:1;font-size:50px}.elementor-widget-text-editor .elementor-drop-cap-letter{display:inline-block}<\/style>\t\t\t\t<ol><li><b> Qu&rsquo;est-ce qu&rsquo;un cookie ?\u00a0<\/b><\/li><\/ol><p><span style=\"font-weight: 400;\">Un \u00ab cookie \u00bb est une suite d\u2019informations, g\u00e9n\u00e9ralement de petite taille et identifi\u00e9 par un nom, qui peut \u00eatre transmis \u00e0 votre navigateur par un site web sur lequel vous vous connectez. Votre navigateur web le conserve pendant une certaine dur\u00e9e, et le renvoi au serveur web chaque fois que vous vous reconnectez.\u00a0<\/span><\/p><p><span style=\"font-weight: 400;\">Les cookies ont de multiples usages : ils peuvent servir \u00e0 m\u00e9moriser votre identifiant client aupr\u00e8s d\u2019un site marchand, le contenu courant de votre panier d\u2019achat, un identifiant permettant de tracer votre navigation pour des finalit\u00e9s statistiques ou publicitaires, etc.\u00a0<\/span><\/p><p><span style=\"font-weight: 400;\">Les cookies peuvent \u00eatre de plusieurs types :\u00a0<\/span><\/p><ul><li><span style=\"font-weight: 400;\"> Les cookies de session sont effac\u00e9s automatiquement lorsque l\u2019utilisateur ferme son navigateur\u202f;\u00a0<\/span><\/li><li><span style=\"font-weight: 400;\"> Les cookies permanents restent stock\u00e9s sur le terminal jusqu\u2019\u00e0 une date d\u2019expiration pr\u00e9d\u00e9finie ;<\/span><\/li><li><span style=\"font-weight: 400;\"> Les cookies tiers sont \u00ab\u202fles cookies d\u00e9pos\u00e9s sur des domaines diff\u00e9rents de celui du site principal, g\u00e9n\u00e9ralement g\u00e9r\u00e9s par des tiers qui ont \u00e9t\u00e9 interrog\u00e9s par le site visit\u00e9 et non par l\u2019internaute lui-m\u00eame : ces cookies peuvent aussi \u00eatre n\u00e9cessaires au bon fonctionnement du site mais ils servent majoritairement \u00e0 permettre au tiers de voir quelles pages ont \u00e9t\u00e9 visit\u00e9es sur le site en question par un utilisateur et de collecter des informations sur lui, notamment \u00e0 des fins publicitaires\u201d (d\u00e9finition de la CNIL).\u00a0<\/span><\/li><\/ul><p>\u00a0<\/p><ol start=\"2\"><li><b> Quels cookies utilisons-nous et \u00e0 quoi nous servent-ils ?\u00a0<\/b><\/li><\/ol><p><span style=\"font-weight: 400;\">Lors de la consultation de notre Site, des cookies de diff\u00e9rents types peuvent \u00eatre d\u00e9pos\u00e9s :\u00a0<\/span><\/p><p><span style=\"font-weight: 400;\">Des cookies strictement n\u00e9cessaires au fonctionnement de notre Site et de notre Plateforme Ils sont d\u00e9pos\u00e9s par d\u00e9faut et ne n\u00e9cessitent pas le recueil de votre consentement conform\u00e9ment \u00e0 la r\u00e9glementation dans la mesure o\u00f9 ils :\u00a0<\/span><\/p><ul><li><span style=\"font-weight: 400;\"> sont strictement n\u00e9cessaire \u00e0 la fourniture d\u2019un service de communication en ligne que vous avez express\u00e9ment demand\u00e9,\u00a0<\/span><\/li><\/ul><p><span style=\"font-weight: 400;\">ou\u00a0<\/span><\/p><ul><li><span style=\"font-weight: 400;\"> ont pour finalit\u00e9 exclusive de permettre ou faciliter une communication par voie \u00e9lectronique.\u00a0<\/span><\/li><\/ul><p><span style=\"font-weight: 400;\">Il s\u2019agit principalement de cookies de session permettant la connexion au Site et l\u2019authentification \u00e0 la Plateforme d\u2019un Utilisateur ainsi que la m\u00e9morisation des \u00e9l\u00e9ments de navigation pendant une session.\u00a0<\/span><\/p><p><span style=\"font-weight: 400;\">Ces cookies sont essentiels pour la navigation de l\u2019Utilisateur et l\u2019accessibilit\u00e9 au Site et \u00e0 la Plateforme. D\u2019autres cookies permettent d\u2019enregistrer les pr\u00e9f\u00e9rences de l\u2019Utilisateur, les param\u00e8tres choisis, ainsi que les pages pr\u00e9c\u00e9demment consult\u00e9es sont \u00e9galement install\u00e9s au cours de la navigation sur le Site.\u00a0<\/span><\/p><p><span style=\"font-weight: 400;\">L\u2019activation de ces cookies permet d\u2019am\u00e9liorer les performances de la navigation.\u00a0<\/span><\/p><p><span style=\"font-weight: 400;\">Ces cookies sont utilis\u00e9s dans le but principal d\u2019am\u00e9liorer le service personnalis\u00e9 rendu \u00e0 l\u2019Utilisateur et de faciliter la navigation ult\u00e9rieure sur le Site.\u00a0<\/span><\/p><p><b>Sur le site jelove-confiseries.com , <\/b><span style=\"font-weight: 400;\">il s\u2019agit des cookies suivants :<\/span><\/p><ul><li><span style=\"font-weight: 400;\"> Google ReCaptcha pour filtrer les intrusions par des robots sur le site,<\/span><\/li><li><span style=\"font-weight: 400;\"> Les cookies analytiques (Google Analytics) afin d\u2019analyser le comportement des utilisateurs sur notre Site, d\u2019identifier les pages les plus visit\u00e9es, d\u2019\u00e9tablir des statistiques de fr\u00e9quentation afin de suivre et d\u2019am\u00e9liorer la qualit\u00e9 de nos services.\u00a0<\/span><\/li><\/ul><p>\u00a0<\/p><ol start=\"3\"><li><b> Comment g\u00e9rer ses cookies ?\u00a0<\/b><\/li><\/ol><p>\u00a0<\/p><p><span style=\"font-weight: 400;\">Lors de vos visites sur le Site, vous \u00eates inform\u00e9s de l\u2019utilisation de cookies. Le d\u00e9p\u00f4t de certains de nos cookies est soumis au recueil de votre consentement.\u00a0<\/span><\/p><p><span style=\"font-weight: 400;\">\u00c0 tout moment, vous pouvez modifier vos choix en cliquant sur le pictogramme bleu en bas \u00e0 gauche de chaque page de notre site.\u00a0<\/span><\/p><p>\u00a0<\/p><p><span style=\"font-weight: 400;\">Ainsi vous pouvez :\u00a0<\/span><\/p><ul><li><span style=\"font-weight: 400;\"> Vous opposer \u00e0 l\u2019utilisation de ces cookies de mani\u00e8re g\u00e9n\u00e9rale ou sp\u00e9cifique,\u00a0<\/span><\/li><li><span style=\"font-weight: 400;\"> \u00catre inform\u00e9 \u00e0 chaque fois que des cookies sont utilis\u00e9s,\u00a0<\/span><\/li><li><span style=\"font-weight: 400;\"> Autoriser au cas par cas leur utilisation.<\/span><\/li><\/ul><p><span style=\"font-weight: 400;\">Nous vous informons que nous n\u2019avons aucun acc\u00e8s et ne pouvons exercer aucun contr\u00f4le sur les cookies tiers que nous utilisons.\u00a0<\/span><\/p><p><span style=\"font-weight: 400;\">La d\u00e9sactivation des Cookies peut diminuer la qualit\u00e9 de navigation.\u00a0<\/span><\/p><ol start=\"4\"><li><b> Modification de la politique\u00a0<\/b><\/li><\/ol><p><span style=\"font-weight: 400;\">Cette politique de confidentialit\u00e9 peut faire l\u2019objet de modifications.\u00a0<\/span><\/p><p><span style=\"font-weight: 400;\">Date de mise \u00e0 jour de la pr\u00e9sente politique de confidentialit\u00e9 :<\/span><b> le 13 f\u00e9vrier 2024.<\/b><\/p>\t\t\t\t\t\t<\/div>\n\t\t\t\t<\/div>\n\t\t\t\t\t<\/div>\n\t\t\t\t<\/div>\n\t\t\t\t\t\t\t<\/div>\n\t\t","protected":false},"excerpt":{"rendered":"<p>Qu&rsquo;est-ce qu&rsquo;un cookie ?\u00a0 Un \u00ab cookie \u00bb est une suite d\u2019informations, g\u00e9n\u00e9ralement de petite taille et identifi\u00e9 par un nom, qui peut \u00eatre transmis \u00e0 votre navigateur par un site web sur lequel vous vous connectez. Votre navigateur web le conserve pendant une certaine dur\u00e9e, et le renvoi au serveur web chaque fois que [&hellip;]<\/p>\n","protected":false},"author":2,"featured_media":0,"parent":0,"menu_order":0,"comment_status":"closed","ping_status":"closed","template":"","meta":{"footnotes":""},"class_list":["post-385","page","type-page","status-publish","hentry"],"_links":{"self":[{"href":"https:\/\/jelove-confiseries.com\/index.php\/wp-json\/wp\/v2\/pages\/385","targetHints":{"allow":["GET"]}}],"collection":[{"href":"https:\/\/jelove-confiseries.com\/index.php\/wp-json\/wp\/v2\/pages"}],"about":[{"href":"https:\/\/jelove-confiseries.com\/index.php\/wp-json\/wp\/v2\/types\/page"}],"author":[{"embeddable":true,"href":"https:\/\/jelove-confiseries.com\/index.php\/wp-json\/wp\/v2\/users\/2"}],"replies":[{"embeddable":true,"href":"https:\/\/jelove-confiseries.com\/index.php\/wp-json\/wp\/v2\/comments?post=385"}],"version-history":[{"count":4,"href":"https:\/\/jelove-confiseries.com\/index.php\/wp-json\/wp\/v2\/pages\/385\/revisions"}],"predecessor-version":[{"id":390,"href":"https:\/\/jelove-confiseries.com\/index.php\/wp-json\/wp\/v2\/pages\/385\/revisions\/390"}],"wp:attachment":[{"href":"https:\/\/jelove-confiseries.com\/index.php\/wp-json\/wp\/v2\/media?parent=385"}],"curies":[{"name":"wp","href":"https:\/\/api.w.org\/{rel}","templated":true}]}}